{"version":"1.0","provider_name":"Lokoloko Madeira","provider_url":"https:\/\/lokolokomadeira.com\/pl\/","title":"Wycieczka Minibusem - Santana (Wsch\u00f3d wyspy) - Lokoloko Madeira","type":"rich","width":600,"height":338,"html":"<blockquote class=\"wp-embedded-content\" data-secret=\"stBbzEOD4N\"><a href=\"https:\/\/lokolokomadeira.com\/pl\/tour\/wycieczka-minibusem-santana-wschod-wyspy\/\">Wycieczka Minibusem &#8211; Santana (Wsch\u00f3d wyspy)<\/a><\/blockquote><iframe sandbox=\"allow-scripts\" security=\"restricted\" src=\"https:\/\/lokolokomadeira.com\/pl\/tour\/wycieczka-minibusem-santana-wschod-wyspy\/embed\/#?secret=stBbzEOD4N\" width=\"600\" height=\"338\" title=\"&#8222;Wycieczka Minibusem &#8211; Santana (Wsch\u00f3d wyspy)&#8221; &#8212; Lokoloko Madeira\" data-secret=\"stBbzEOD4N\" frameborder=\"0\" marginwidth=\"0\" marginheight=\"0\" scrolling=\"no\" class=\"wp-embedded-content\"><\/iframe><script>\n\/*! This file is auto-generated *\/\n!function(d,l){\"use strict\";l.querySelector&&d.addEventListener&&\"undefined\"!=typeof URL&&(d.wp=d.wp||{},d.wp.receiveEmbedMessage||(d.wp.receiveEmbedMessage=function(e){var t=e.data;if((t||t.secret||t.message||t.value)&&!\/[^a-zA-Z0-9]\/.test(t.secret)){for(var s,r,n,a=l.querySelectorAll('iframe[data-secret=\"'+t.secret+'\"]'),o=l.querySelectorAll('blockquote[data-secret=\"'+t.secret+'\"]'),c=new RegExp(\"^https?:$\",\"i\"),i=0;i<o.length;i++)o[i].style.display=\"none\";for(i=0;i<a.length;i++)s=a[i],e.source===s.contentWindow&&(s.removeAttribute(\"style\"),\"height\"===t.message?(1e3<(r=parseInt(t.value,10))?r=1e3:~~r<200&&(r=200),s.height=r):\"link\"===t.message&&(r=new URL(s.getAttribute(\"src\")),n=new URL(t.value),c.test(n.protocol))&&n.host===r.host&&l.activeElement===s&&(d.top.location.href=t.value))}},d.addEventListener(\"message\",d.wp.receiveEmbedMessage,!1),l.addEventListener(\"DOMContentLoaded\",function(){for(var e,t,s=l.querySelectorAll(\"iframe.wp-embedded-content\"),r=0;r<s.length;r++)(t=(e=s[r]).getAttribute(\"data-secret\"))||(t=Math.random().toString(36).substring(2,12),e.src+=\"#?secret=\"+t,e.setAttribute(\"data-secret\",t)),e.contentWindow.postMessage({message:\"ready\",secret:t},\"*\")},!1)))}(window,document);\n\/\/# sourceURL=https:\/\/lokolokomadeira.com\/wp-includes\/js\/wp-embed.min.js\n<\/script>\n","thumbnail_url":"https:\/\/lokolokomadeira.com\/wp-content\/uploads\/2024\/02\/Santana.jpg","thumbnail_width":1000,"thumbnail_height":667,"description":"Wycieczk\u0119 zaczniemy wizyt\u0105 w wiosce Camacha w fabryce wyrob\u00f3w wikliniarskich. Nast\u0119pnie skierujemy si\u0119 do Poiso, aby wjecha\u0107 na Pico do Arieiro (1818 m). Kolejno zjedziemy do Ribeiro Frio, gdzie mo\u017cna odwiedzi\u0107 farm\u0119 pstr\u0105g\u00f3w, a tak\u017ce podziwia\u0107 wa\u017cn\u0105 cz\u0119\u015b\u0107 Laurissilva, rodzimego lasu laurowego Madery, kt\u00f3ry zosta\u0142 wpisany na list\u0119 \u015bwiatowego dziedzictwa UNESCO. Kontynuujemy nasz\u0105 podr\u00f3\u017c do [&hellip;]"}

Wycieczka Minibusem - Santana (Wschód wyspy) - Lokoloko Madeira

<blockquote class="wp-embedded-content" data-secret="stBbzEOD4N"><a href="https://lokolokomadeira.com/pl/tour/wycieczka-minibusem-santana-wschod-wyspy/">Wycieczka Minibusem &#8211; Santana (Wschód wyspy)</a></blockquote><iframe sandbox="allow-scripts" security="restricted" src="https://lokolokomadeira.com/pl/tour/wycieczka-minibusem-santana-wschod-wyspy/embed/#?secret=stBbzEOD4N" width="600" height="338" title="&#8222;Wycieczka Minibusem &#8211; Santana (Wschód wyspy)&#8221; &#8212; Lokoloko Madeira" data-secret="stBbzEOD4N" frameborder="0" marginwidth="0" marginheight="0" scrolling="no" class="wp-embedded-content"></iframe><script>
/*! This file is auto-generated */
!function(d,l){"use strict";l.querySelector&&d.addEventListener&&"undefined"!=typeof URL&&(d.wp=d.wp||{},d.wp.receiveEmbedMessage||(d.wp.receiveEmbedMessage=function(e){var t=e.data;if((t||t.secret||t.message||t.value)&&!/[^a-zA-Z0-9]/.test(t.secret)){for(var s,r,n,a=l.querySelectorAll('iframe[data-secret="'+t.secret+'"]'),o=l.querySelectorAll('blockquote[data-secret="'+t.secret+'"]'),c=new RegExp("^https?:$","i"),i=0;i<o.length;i++)o[i].style.display="none";for(i=0;i<a.length;i++)s=a[i],e.source===s.contentWindow&&(s.removeAttribute("style"),"height"===t.message?(1e3<(r=parseInt(t.value,10))?r=1e3:~~r<200&&(r=200),s.height=r):"link"===t.message&&(r=new URL(s.getAttribute("src")),n=new URL(t.value),c.test(n.protocol))&&n.host===r.host&&l.activeElement===s&&(d.top.location.href=t.value))}},d.addEventListener("message",d.wp.receiveEmbedMessage,!1),l.addEventListener("DOMContentLoaded",function(){for(var e,t,s=l.querySelectorAll("iframe.wp-embedded-content"),r=0;r<s.length;r++)(t=(e=s[r]).getAttribute("data-secret"))||(t=Math.random().toString(36).substring(2,12),e.src+="#?secret="+t,e.setAttribute("data-secret",t)),e.contentWindow.postMessage({message:"ready",secret:t},"*")},!1)))}(window,document);
//# sourceURL=https://lokolokomadeira.com/wp-includes/js/wp-embed.min.js
</script>

Wycieczkę zaczniemy wizytą w wiosce Camacha w fabryce wyrobów wikliniarskich. Następnie skierujemy się do Poiso, aby wjechać na Pico do Arieiro (1818 m). Kolejno zjedziemy do Ribeiro Frio, gdzie można odwiedzić farmę pstrągów, a także podziwiać ważną część Laurissilva, rodzimego lasu laurowego Madery, który został wpisany na listę światowego dziedzictwa UNESCO. Kontynuujemy naszą podróż do [&hellip;]
